et q be w(-2). Let a be (-2)/(-10) - (-2)/(q/(-11757)). Suppose a = 11*n + 278. List the prime factors of n.
2, 23
Let b(q) = -43*q**3 + 8*q**2 - 6*q - 87. What are the prime factors of b(-5)?
2, 31, 89
Let z be (-28)/(63/(-36) + (-1)/4). Suppose z*m = 13760 - 3974. Let q = -493 + m. List the prime factors of q.
2, 103
Let n(b) = b**3 - 48*b**2 + 81*b + 44. Let f(x) = x**2 - 8*x - 18. Let w be f(-5). List the prime factors of n(w).
2, 821
Suppose 2*d = -4*r - 674, 0*r = d - 3*r + 317. Let a = d - -667. Suppose 3*g = a + 241. What are the prime factors of g?
193
Let o = -3608 - -16322. What are the prime factors of o?
2, 3, 13, 163
Suppose -f - 2*b + 3*b + 1099 = 0, -15 = -5*b. Suppose -3*h + 5*j = -f, 3*h + 4*j - 8*j - 1100 = 0. What are the prime factors of h?
2, 7, 13
Suppose -10*n = -33 + 3. Let p(q) = 59*q - 43. What are the prime factors of p(n)?
2, 67
Suppose 9*s = 3*g + 6*s - 192516, 0 = -2*s + 10. List the prime factors of g.
29, 2213
Let f = 138 + 9379. List the prime factors of f.
31, 307
List the prime factors of 3462812/685 - (-6)/(-5).
2, 7, 19
Let g = -1359 + 5336. What are the prime factors of g?
41, 97
Suppose -3*r - 666 = -x - 6*r, -x - 4*r = -665. Let a = x + -71. What are the prime factors of a?
2, 13, 23
Let t = 86 + -133. Let n = 18 - 17. What are the prime factors of n - 1 - (t + -6 + 7)?
2, 23
Let o be 2*(6/3 - -2). Let n(a) = 8*a - o*a - 2*a + 4 - 2*a + 23*a**2. List the prime factors of n(2).
2, 11
Suppose 176*x - 392 = 172*x. Let s be (-21)/(-6)*8/7. Let k = s + x. List the prime factors of k.
2, 3, 17
Let j = -37844 + 97236. What are the prime factors of j?
2, 29
Suppose 33 = 3*o - 3*f, 3*o + 3*f - f - 58 = 0. Let p(q) = -5*q + 13*q + o - 6*q. What are the prime factors of p(13)?
2, 3, 7
List the prime factors of (31995/30)/(33/2530).
3, 5, 23, 79
Suppose -2*d + 198*i = 193*i - 15280, -d + i = -7637. What are the prime factors of d?
3, 5, 509
What are the prime factors of 25737 - (202/(-1111) - (68/(-11) + -2))?
11, 2339
Let m(x) be the third derivative of x**5/30 + 2*x**3/3 - 11*x**2. Let w be m(8). Suppose 4 = 2*b - w. What are the prime factors of b?
2, 17
Let v = -12 + 14. Suppose o + 3*o - r = 11, 0 = -v*r + 10. Suppose 2*p - 34 = -o*n, -5*n + 0*p + 50 = -5*p. What are the prime factors of n?
3
Suppose -223*n = -229*n - 1464. Let u = 754 + n. List the prime factors of u.
2, 3, 5, 17
Let i = 98 + -88. Suppose i*o - 52 = -2. Suppose 475 = 3*k - o. What are the prime factors of k?
2, 5
Let i(m) = m**3 - 7*m**2 - 11*m + 32. Suppose -2*n - 288 = -g - 4*g, -g + 4*n = -54. Suppose -42 - g = -10*s. What are the prime factors of i(s)?
2, 3, 37
Let v = -99 - 79. Let c = v + 301. List the prime factors of c.
3, 41
Suppose 5*p - 27*q - 11605 = -22*q, 0 = 5*p - 2*q - 11596. List the prime factors of p.
2, 19, 61
Let s be (2/(16/22))/(16/128). What are the prime factors of 7/(-77) + 11354/s?
2, 3, 43
Let f(a) = 58*a + 387. Let g(w) = -57*w - 388. Let t(y) = 2*f(y) + 3*g(y). List the prime factors of t(-15).
3, 5, 29
Suppose -15*m - 16*m = -53196. List the prime factors of m.
2, 3, 11, 13
Let r(z) = 3*z**2 - 23*z + 17. Let v be r(7). Let x be 4/(-1*v*(-14)/21). Suppose -x*n + 3*b + 143 = 0, -b = 3*n - 145 - 53. List the prime factors of n.
67
Let n(v) = -296*v - 97. Let p be n(-9). Let u = p + -1727. List the prime factors of u.
2, 3, 5, 7
Suppose 6*l - 26183 - 36997 = 0. What are the prime factors of l?
2, 3, 5, 13
Suppose -37*l + 259*l - 2055658 - 2887172 = 0. What are the prime factors of l?
5, 61, 73
Let i(n) = -n**2 - 27*n - 106. Let u be i(-20). Suppose u*l - 18744 = 14576. List the prime factors of l.
2, 5, 7
Let k = -1704 + 2969. List the prime factors of k.
5, 11, 23
Suppose 54*u - 19*u = 175. Suppose -5*a = i - 29 - 286, 4*i = u*a + 1210. What are the prime factors of i?
5, 61
Suppose -1096*j + 1060*j + 372744 = 0. List the prime factors of j.
2, 31, 167
Let t(n) = -7*n + 117. Let v be t(18). Let y(d) = d**3 + 23*d**2 + 18*d + 8. List the prime factors of y(v).
2, 5, 7
Let z be (-3500)/(-350) - (5*1 + 0). Let y(p) = -p + 12. Let h be y(6). Suppose 59 = z*t - h. What are the prime factors of t?
13
Let f(t) = -t**3 + 59*t**2 + 24*t - 184. List the prime factors of f(19).
2, 3, 613
Let v(u) = -u**3 - 2*u**2 - 3*u - 12. Let s be v(-6). Let r be -2 + ((-12)/10)/((-45)/s). Let w(y) = y**3 + 2*y**2 - 3*y + 4. List the prime factors of w(r).
2, 7
Let w be 11479/((-6)/120*-5) + 0. List the prime factors of (w/(-130))/(4/(-10)).
883
Let h = -466 - -465. What are the prime factors of (-24 + 25)*(194 + h)?
193
Suppose j + 2*r - 20 = 7*r, 0 = -4*j + 3*r + 29. List the prime factors of 654/((-1)/((-5)/j)).
2, 3, 109
Let j(l) = l**2 + 12*l - 4. Let k(h) = 168*h + 49 - 342*h + 172*h. Let w be k(20). What are the prime factors of j(w)?
5, 37
Suppose -3*a = 9*a + 8*a. Suppose a = 4*r + 5*v - 1276, -r = 2*v - 412 + 93. List the prime factors of r.
11, 29
Suppose 0 = -49*g + 68*g - 240331. What are the prime factors of g?
7, 13, 139
Let i(f) = f**2 - 2*f - 43. Let x be (-1 - 1)*(-51)/6. Let r be i(x). Suppose -2*p - 4*a = p - r, -140 = -2*p - 4*a. List the prime factors of p.
2, 3
Suppose -4*b + 9 + 19 = 0. Suppose b*p - 6260 = -3*p. What are the prime factors of p?
2, 313
Let z = 71 + -64. Suppose -322 = -2*x - 2*b, -z*x + 2*x = 2*b - 817. Suppose q - 2*q + x = 0. List the prime factors of q.
3, 5, 11
Suppose -4*s + 440 = 3*c, -c + 6 = 2. Let l = s - 185. Let v = l + 163. What are the prime factors of v?
5, 17
Suppose -13*l - 5*c + 86682 + 9536 = 0, l = 4*c + 7397. What are the prime factors of l?
3, 2467
Let s(p) be the third derivative of p**5/30 + p**4/4 - 12*p**2 - 6. Suppose 4*t - 2*y = -13 + 35, 0 = 2*y - 10. What are the prime factors of s(t)?
2, 11
Suppose -20 = -6*t + 10. Suppose j + t*p - 5 = -20, 2*j + 4*p = -6. Suppose j*i = l + 18 + 545, 5*i = -3*l + 571. What are the prime factors of i?
113
List the prime factors of (-160401)/(-3) + -5 + -1.
193, 277
Suppose -3*z - 2*v = -20, -12 - 8 = -4*z - v. Suppose -16*o + 12*o = z. Let n(i) = -31*i**3 + i**2. List the prime factors of n(o).
2
Let r = 22230 + -12560. What are the prime factors of r?
2, 5, 967
List the prime factors of 8/(-9 + -23)*-147308.
7, 5261
Suppose -3*z = -5*t + 26 + 17, 31 = t + 5*z. Suppose 6400 = t*p + 9*p. List the prime factors of p.
2, 5
Let y(x) = -2*x + 6. Let h be y(6). What are the prime factors of ((-97)/5 - h)/(1/(-5))?
67
Suppose 7438 = 5*z - 5*t + 2*t, -1490 = -z + 3*t. Let r = z - 830. List the prime factors of r.
3, 73
Let h be (-54)/(-36)*((1 - -1) + 44). Suppose 664 = w + h. List the prime factors of w.
5, 7, 17
Let h = 2183 + -1435. Let r = h - 433. What are the prime factors of r?
3, 5, 7
Let c be (-2 - (-6 - -4))/1. Suppose c = 5*l + 3*y - 710, -3*l + 17*y - 19*y = -426. What are the prime factors of l?
2, 71
Suppose -4*s + 5*i - 13 = 0, -5*i = -3*s - 1 - 15. Let p be (-2)/s + 16092/81. List the prime factors of p + (0 + 4)*(-1)/(-2).
2, 5
Suppose 0 = -2*z + y + 3604, z - 262 = 4*y + 1533. List the prime factors of z.
3, 601
Let y be 576/3 + 3/3. What are the prime factors of y - 6/3 - 4?
11, 17
Let y(w) = w - 9. Let m be (-2)/8 - (-159)/12. Let u be y(m). Suppose -p + 16 = -u*a, 2*p + 4*a - 80 = -0*p. What are the prime factors of p?
2
Let s = 2220 - 2232. Let c(v) = -v**3 - 14*v**2 + 15*v + 14. Let j(t) = -t**3 - 15*t**2 + 16*t + 15. Let z(p) = 5*c(p) - 4*j(p). List the prime factors of z(s).
2, 83
Let n = 30 - 28. Let s be n/(-6) + 312/18 + 2. Suppose 5*o = 10, 5*l + 3*o - 202 = s. What are the prime factors of l?
43
Suppose 0 = -l + 3*y - 6 - 7, -5*y = 5*l - 15. Let t be l/3*(-1 + -5). Suppose t*h = -w + 93, -h - 186 = -2*w - 4*h. List the prime factors of w.
3, 31
Let d(j) = 133*j + 1259. List the prime factors of d(86).
12697
Let l be 18/81 + 17494/9. Suppose -17*j + l = -13*j. What are the prime factors of j?
2, 3
Let k(c) = c**3 + 19*c**2 + 9*c + 62. Let y be k(-14). Let x = 1651 - y. What are the prime factors of x?
3, 5, 7
Let b(a) = -a**2 + 16*a - 18. Let u be b(15). What are the prime factors of u/9 - 127/(-3)?
2, 3, 7
Suppose -160392 = -4*u + a, 40098 = -386*u + 387*u - 3*a. What are the prime factors of u?
2, 3, 41, 163
Let o(g) be the third derivative of g**6/120 - g**5/6 + 5*g**4/8 - 23*g**2. Let p be o(8). List the pr